{"id":1229,"date":"2023-11-02T12:00:56","date_gmt":"2023-11-02T11:00:56","guid":{"rendered":"http:\/\/creches-vic-andrest.com\/?page_id=1229"},"modified":"2025-01-06T14:44:54","modified_gmt":"2025-01-06T13:44:54","slug":"fermetures-annuelles-des-petits-loups","status":"publish","type":"page","link":"https:\/\/creches-vic-andrest.com\/index.php\/fermetures-annuelles-des-petits-loups\/","title":{"rendered":"Fermetures annuelles des Petits-Loups"},"content":{"rendered":"<p><img loading=\"lazy\" decoding=\"async\" class=\"wp-image-524 aligncenter\" src=\"https:\/\/creches-vic-andrest.com\/wp-content\/uploads\/2020\/12\/LPL_logo_rond_bleu-234x300.png\" alt=\"\" width=\"130\" height=\"167\" srcset=\"https:\/\/creches-vic-andrest.com\/wp-content\/uploads\/2020\/12\/LPL_logo_rond_bleu-234x300.png 234w, https:\/\/creches-vic-andrest.com\/wp-content\/uploads\/2020\/12\/LPL_logo_rond_bleu-800x1024.png 800w, https:\/\/creches-vic-andrest.com\/wp-content\/uploads\/2020\/12\/LPL_logo_rond_bleu-768x983.png 768w, https:\/\/creches-vic-andrest.com\/wp-content\/uploads\/2020\/12\/LPL_logo_rond_bleu-117x150.png 117w, https:\/\/creches-vic-andrest.com\/wp-content\/uploads\/2020\/12\/LPL_logo_rond_bleu.png 1000w\" sizes=\"auto, (max-width: 130px) 100vw, 130px\" \/><\/p>\n<h5 style=\"text-align: center;\"><span style=\"color: #ff6600;\">FERMETURES ANNUELLES DE LA CR\u00c8CHE<\/span><\/h5>\n<p style=\"text-align: center;\">AVRIL 2025 : 21avril au 25 avril inclus<\/p>\n<p style=\"text-align: center;\">\u00c9T\u00c9 2025 : 4 ao\u00fbt au 25 ao\u00fbt inclus<\/p>\n<h5 style=\"text-align: center;\"><span style=\"color: #ff6600;\">JOURS F\u00c9RIES<br \/>\n<\/span><\/h5>\n<p style=\"text-align: center;\">PONT DE L\u2019ASCENSION : 29 mai au 30 mai 2025 inclus<\/p>\n<p style=\"text-align: center;\">LUNDI de PENTEC\u00d4TE : 9 juin 2025<\/p>\n<p style=\"text-align: center;\">F\u00caTE NATIONALE : 14 juillet 2025<\/p>\n<p>&nbsp;<\/p>\n<p>&nbsp;<\/p>\n<p><img loading=\"lazy\" decoding=\"async\" class=\"aligncenter\" src=\"https:\/\/www.rage.pro\/wp-content\/uploads\/2018\/08\/fermeture-a-clef-meubles-refrigeres.jpg\" alt=\"Infrico \u2013 Fermeture \u00e0 clef pour dessertes r\u00e9frig\u00e9r\u00e9es\" width=\"294\" height=\"294\" \/><\/p>\n<p>&nbsp;<\/p>\n","protected":false},"excerpt":{"rendered":"<p>FERMETURES ANNUELLES DE LA CR\u00c8CHE AVRIL 2025 : 21avril au 25 avril inclus \u00c9T\u00c9 2025 : 4 ao\u00fbt au 25 ao\u00fbt inclus JOURS F\u00c9RIES PONT DE L\u2019ASCENSION : 29 mai&#8230;<\/p>\n<p> <a class=\"continue-reading-link\" href=\"https:\/\/creches-vic-andrest.com\/index.php\/fermetures-annuelles-des-petits-loups\/\"><span>LIRE LA SUITE<\/span><i class=\"crycon-right-dir\"><\/i><\/a> <\/p>\n","protected":false},"author":1,"featured_media":0,"parent":0,"menu_order":0,"comment_status":"closed","ping_status":"closed","template":"","meta":{"footnotes":""},"class_list":["post-1229","page","type-page","status-publish","hentry"],"jetpack_sharing_enabled":true,"_links":{"self":[{"href":"https:\/\/creches-vic-andrest.com\/index.php\/wp-json\/wp\/v2\/pages\/1229","targetHints":{"allow":["GET"]}}],"collection":[{"href":"https:\/\/creches-vic-andrest.com\/index.php\/wp-json\/wp\/v2\/pages"}],"about":[{"href":"https:\/\/creches-vic-andrest.com\/index.php\/wp-json\/wp\/v2\/types\/page"}],"author":[{"embeddable":true,"href":"https:\/\/creches-vic-andrest.com\/index.php\/wp-json\/wp\/v2\/users\/1"}],"replies":[{"embeddable":true,"href":"https:\/\/creches-vic-andrest.com\/index.php\/wp-json\/wp\/v2\/comments?post=1229"}],"version-history":[{"count":4,"href":"https:\/\/creches-vic-andrest.com\/index.php\/wp-json\/wp\/v2\/pages\/1229\/revisions"}],"predecessor-version":[{"id":15944,"href":"https:\/\/creches-vic-andrest.com\/index.php\/wp-json\/wp\/v2\/pages\/1229\/revisions\/15944"}],"wp:attachment":[{"href":"https:\/\/creches-vic-andrest.com\/index.php\/wp-json\/wp\/v2\/media?parent=1229"}],"curies":[{"name":"wp","href":"https:\/\/api.w.org\/{rel}","templated":true}]}}