{"id":137,"date":"2020-10-20T17:10:53","date_gmt":"2020-10-20T15:10:53","guid":{"rendered":"http:\/\/creches-vic-andrest.com\/?page_id=137"},"modified":"2021-01-07T17:31:46","modified_gmt":"2021-01-07T16:31:46","slug":"cnl-projet-educatif","status":"publish","type":"page","link":"https:\/\/creches-vic-andrest.com\/index.php\/cnl-projet-educatif\/","title":{"rendered":"Canalous : Projet \u00e9ducatif"},"content":{"rendered":"<p style=\"text-align: center;\"><img loading=\"lazy\" decoding=\"async\" class=\"alignnone size-medium wp-image-767\" src=\"https:\/\/creches-vic-andrest.com\/wp-content\/uploads\/2021\/01\/CANALOUS-300x150.jpg\" alt=\"\" width=\"300\" height=\"150\" srcset=\"https:\/\/creches-vic-andrest.com\/wp-content\/uploads\/2021\/01\/CANALOUS-300x150.jpg 300w, https:\/\/creches-vic-andrest.com\/wp-content\/uploads\/2021\/01\/CANALOUS-150x75.jpg 150w, https:\/\/creches-vic-andrest.com\/wp-content\/uploads\/2021\/01\/CANALOUS-500x250.jpg 500w, https:\/\/creches-vic-andrest.com\/wp-content\/uploads\/2021\/01\/CANALOUS-240x120.jpg 240w, https:\/\/creches-vic-andrest.com\/wp-content\/uploads\/2021\/01\/CANALOUS.jpg 507w\" sizes=\"auto, (max-width: 300px) 100vw, 300px\" \/><\/p>\n<p>La micro-cr\u00e8che r\u00e9pond \u00e0 des besoins tr\u00e8s diff\u00e9rents selon les familles\u00a0:<\/p>\n<p>-besoin de garde \u00e0 temps plein quand les 2 parents travaillent<\/p>\n<p>-besoin de garde en fonction des horaires de certains parents qui peuvent avoir des horaires al\u00e9atoires et\/ou atypiques<\/p>\n<p>-besoin de garde en fonction de p\u00e9riodes de l\u2019ann\u00e9e (saisonniers ou enfants scolaris\u00e9s qui viennent que pendant les vacances scolaires)<\/p>\n<p>-besoin de garde pour des parents qui ne travaillent pas mais qui souhaitent avoir un peu de temps pour eux et pour l\u2019\u00e9veil de leur enfant vers la collectivit\u00e9<\/p>\n<p>-besoin de parents qui dans un contexte de recherche de travail, de formation ont des besoins sp\u00e9cifiques<\/p>\n<p>Les enfants atteints de handicaps ou de maladies chroniques peuvent \u00eatre accueillis jusqu\u2019\u00e0 l\u2019\u00e2ge de 6 ans sous r\u00e9serve d\u2019un avis m\u00e9dical.<\/p>\n<p>La micro-cr\u00e8che met tout en \u0153uvre pour permettre un accueil de qualit\u00e9 prenant en compte le handicap de l\u2019enfant lors de son accueil dans la structure.<\/p>\n<p><strong><span style=\"color: #008000;\">Les modalit\u00e9s d\u2019inscription\u00a0:<\/span><\/strong><\/p>\n<p>Lors d\u2019un premier contact avec les familles, le r\u00e9f\u00e9rent technique de la structure les rencontre \u00e0 la micro-cr\u00e8che. Ce moment est l\u2019occasion de visiter les lieux, de pr\u00e9ciser le fonctionnement de la structure en prenant connaissance de divers documents r\u00e9glementaires et d\u2019estimer le co\u00fbt de la prestation.<\/p>\n<p>Un dossier d\u2019inscription est remis \u00e0 la famille pr\u00e9cisant les pi\u00e8ces justificatives \u00e0 fournir.<\/p>\n<p>Le dossier complet est ensuite \u00e9tudi\u00e9 par une commission d\u2019admission. Des repr\u00e9sentants de la communaut\u00e9 de communes seront invit\u00e9s et les bienvenus \u00e0 ces commissions.<\/p>\n<p>Apr\u00e8s avis favorable de la commission, la famille prend rendez-vous avec le r\u00e9f\u00e9rent technique de la micro-cr\u00e8che afin de rencontrer les membres de l\u2019\u00e9quipe \u00e9ducative et de convenir des modalit\u00e9s d\u2019accueil et d\u2019adaptation de l\u2019enfant.<\/p>\n<p><strong><span style=\"color: #008000;\">L\u2019attribution des places\u00a0:<\/span><\/strong><\/p>\n<p>La micro-cr\u00e8che est ouverte prioritairement aux enfants de 2 mois \u00bd\u00a0 \u00e0 6 ans, dont le lieu de r\u00e9sidence se situe sur le territoire intercommunal.<\/p>\n<p>D\u2019autres crit\u00e8res sont pris en compte (par ordre de priorit\u00e9) pour attribuer les places, tels que\u00a0:<\/p>\n<p>1-\u00a0\u00a0\u00a0 Les besoins de la famille en termes de jours de pr\u00e9sence et d\u2019amplitude horaire journali\u00e8re<\/p>\n<p>2-\u00a0\u00a0\u00a0 La situation et la composition de la famille\u00a0: famille monoparentale, situation professionnelle des parents, familles nombreuses, naissances multiples, pr\u00e9sence d\u2019un fr\u00e8re ou d\u2019une s\u0153ur d\u00e9j\u00e0 inscrit dans la structure\u2026<\/p>\n<p>3-\u00a0\u00a0\u00a0 Les ressources sur la base du quotient familial<\/p>\n<p>4-\u00a0\u00a0\u00a0 La date de d\u00e9p\u00f4t de la demande d\u2019inscription<\/p>\n<p>5-\u00a0\u00a0\u00a0 L\u2019existence \u00e9ventuelle d\u2019un mode de garde \u00e0 la date de la commission.<\/p>\n<p>&nbsp;<\/p>\n","protected":false},"excerpt":{"rendered":"<p>La micro-cr\u00e8che r\u00e9pond \u00e0 des besoins tr\u00e8s diff\u00e9rents selon les familles\u00a0: -besoin de garde \u00e0 temps plein quand les 2 parents travaillent -besoin de garde en fonction des horaires de&#8230;<\/p>\n<p> <a class=\"continue-reading-link\" href=\"https:\/\/creches-vic-andrest.com\/index.php\/cnl-projet-educatif\/\"><span>LIRE LA SUITE<\/span><i class=\"crycon-right-dir\"><\/i><\/a> <\/p>\n","protected":false},"author":1,"featured_media":0,"parent":0,"menu_order":0,"comment_status":"closed","ping_status":"closed","template":"","meta":{"footnotes":""},"class_list":["post-137","page","type-page","status-publish","hentry"],"jetpack_sharing_enabled":true,"_links":{"self":[{"href":"https:\/\/creches-vic-andrest.com\/index.php\/wp-json\/wp\/v2\/pages\/137","targetHints":{"allow":["GET"]}}],"collection":[{"href":"https:\/\/creches-vic-andrest.com\/index.php\/wp-json\/wp\/v2\/pages"}],"about":[{"href":"https:\/\/creches-vic-andrest.com\/index.php\/wp-json\/wp\/v2\/types\/page"}],"author":[{"embeddable":true,"href":"https:\/\/creches-vic-andrest.com\/index.php\/wp-json\/wp\/v2\/users\/1"}],"replies":[{"embeddable":true,"href":"https:\/\/creches-vic-andrest.com\/index.php\/wp-json\/wp\/v2\/comments?post=137"}],"version-history":[{"count":4,"href":"https:\/\/creches-vic-andrest.com\/index.php\/wp-json\/wp\/v2\/pages\/137\/revisions"}],"predecessor-version":[{"id":781,"href":"https:\/\/creches-vic-andrest.com\/index.php\/wp-json\/wp\/v2\/pages\/137\/revisions\/781"}],"wp:attachment":[{"href":"https:\/\/creches-vic-andrest.com\/index.php\/wp-json\/wp\/v2\/media?parent=137"}],"curies":[{"name":"wp","href":"https:\/\/api.w.org\/{rel}","templated":true}]}}