{"id":158,"date":"2020-10-20T17:18:56","date_gmt":"2020-10-20T15:18:56","guid":{"rendered":"http:\/\/creches-vic-andrest.com\/?page_id=158"},"modified":"2020-12-07T16:04:26","modified_gmt":"2020-12-07T15:04:26","slug":"pl-pre-inscrire-votre-enfant","status":"publish","type":"page","link":"https:\/\/creches-vic-andrest.com\/index.php\/pl-pre-inscrire-votre-enfant\/","title":{"rendered":"Les Petits-Loups : Pr\u00e9-inscrire votre enfant"},"content":{"rendered":"<p><img loading=\"lazy\" decoding=\"async\" class=\"size-medium wp-image-438 aligncenter\" src=\"https:\/\/creches-vic-andrest.com\/wp-content\/uploads\/2020\/11\/LPL_logo_bleu-300x99.png\" alt=\"\" width=\"300\" height=\"99\" srcset=\"https:\/\/creches-vic-andrest.com\/wp-content\/uploads\/2020\/11\/LPL_logo_bleu-300x99.png 300w, https:\/\/creches-vic-andrest.com\/wp-content\/uploads\/2020\/11\/LPL_logo_bleu-768x253.png 768w, https:\/\/creches-vic-andrest.com\/wp-content\/uploads\/2020\/11\/LPL_logo_bleu-150x49.png 150w, https:\/\/creches-vic-andrest.com\/wp-content\/uploads\/2020\/11\/LPL_logo_bleu.png 1000w\" sizes=\"auto, (max-width: 300px) 100vw, 300px\" \/><\/p>\n<p>Pour s&rsquo;inscrire \u00e0 la cr\u00e8che \u00ab\u00a0les petits loups\u00a0\u00bb \u00e0 l&rsquo;ann\u00e9e une seule d\u00e9marche : remplir le questionnaire ci-dessous !<\/p>\n\n<div class=\"wpcf7 no-js\" id=\"wpcf7-f507-o1\" lang=\"fr-FR\" dir=\"ltr\" data-wpcf7-id=\"507\">\n<div class=\"screen-reader-response\"><p role=\"status\" aria-live=\"polite\" aria-atomic=\"true\"><\/p> <ul><\/ul><\/div>\n<form action=\"\/index.php\/wp-json\/wp\/v2\/pages\/158#wpcf7-f507-o1\" method=\"post\" class=\"wpcf7-form init\" aria-label=\"Formulaire de contact\" novalidate=\"novalidate\" data-status=\"init\">\n<fieldset class=\"hidden-fields-container\"><input type=\"hidden\" name=\"_wpcf7\" value=\"507\" \/><input type=\"hidden\" name=\"_wpcf7_version\" value=\"6.1.5\" \/><input type=\"hidden\" name=\"_wpcf7_locale\" value=\"fr_FR\" \/><input type=\"hidden\" name=\"_wpcf7_unit_tag\" value=\"wpcf7-f507-o1\" \/><input type=\"hidden\" name=\"_wpcf7_container_post\" value=\"0\" \/><input type=\"hidden\" name=\"_wpcf7_posted_data_hash\" value=\"\" \/>\n<\/fieldset>\n<p>DEMANDE D'UNE PLACE A LA CRECHE LES PETITS-LOUPS\n<\/p>\n<p>ENFANT (renseignements obligatoires)<br \/>\n<span class=\"wpcf7-form-control-wrap\" data-name=\"text-700\"><input size=\"40\" maxlength=\"400\" class=\"wpcf7-form-control wpcf7-text wpcf7-validates-as-required\" aria-required=\"true\" aria-invalid=\"false\" placeholder=\"Nom &amp; pr\u00e9nom de l&#039;enfant\" value=\"\" type=\"text\" name=\"text-700\" \/><\/span><br \/>\n<span class=\"wpcf7-form-control-wrap\" data-name=\"text-701\"><input size=\"40\" maxlength=\"400\" class=\"wpcf7-form-control wpcf7-text wpcf7-validates-as-required\" aria-required=\"true\" aria-invalid=\"false\" placeholder=\"A na\u00eetre ou n\u00e9(e) le\" value=\"\" type=\"text\" name=\"text-701\" \/><\/span><br \/>\n<span class=\"wpcf7-form-control-wrap\" data-name=\"text-702\"><input size=\"40\" maxlength=\"400\" class=\"wpcf7-form-control wpcf7-text wpcf7-validates-as-required\" aria-required=\"true\" aria-invalid=\"false\" placeholder=\"Date pr\u00e9vue d&#039;arriv\u00e9e en cr\u00e8che\" value=\"\" type=\"text\" name=\"text-702\" \/><\/span><br \/>\n<label> Jours de pr\u00e9sence pr\u00e9vus :<br \/>\n<span class=\"wpcf7-form-control-wrap\" data-name=\"checkbox-332\"><span class=\"wpcf7-form-control wpcf7-checkbox wpcf7-validates-as-required\"><span class=\"wpcf7-list-item first\"><label><span class=\"wpcf7-list-item-label\">Lundi<\/span><input type=\"checkbox\" name=\"checkbox-332[]\" value=\"Lundi\" \/><\/label><\/span><span class=\"wpcf7-list-item\"><label><span class=\"wpcf7-list-item-label\">Mardi<\/span><input type=\"checkbox\" name=\"checkbox-332[]\" value=\"Mardi\" \/><\/label><\/span><span class=\"wpcf7-list-item\"><label><span class=\"wpcf7-list-item-label\">Mercredi<\/span><input type=\"checkbox\" name=\"checkbox-332[]\" value=\"Mercredi\" \/><\/label><\/span><span class=\"wpcf7-list-item\"><label><span class=\"wpcf7-list-item-label\">Jeudi<\/span><input type=\"checkbox\" name=\"checkbox-332[]\" value=\"Jeudi\" \/><\/label><\/span><span class=\"wpcf7-list-item last\"><label><span class=\"wpcf7-list-item-label\">Vendredi<\/span><input type=\"checkbox\" name=\"checkbox-332[]\" value=\"Vendredi\" \/><\/label><\/span><\/span><\/span><br \/>\n<span class=\"wpcf7-form-control-wrap\" data-name=\"textarea-511\"><textarea cols=\"40\" rows=\"10\" maxlength=\"2000\" class=\"wpcf7-form-control wpcf7-textarea wpcf7-validates-as-required\" aria-required=\"true\" aria-invalid=\"false\" placeholder=\"Pour chaque jour retenu, indiquer les heures d&#039;arriv\u00e9e et de d\u00e9part\" name=\"textarea-511\"><\/textarea><\/span><br \/>\nPARENTS 1 (renseignements obligatoires)<br \/>\n<span class=\"wpcf7-form-control-wrap\" data-name=\"text-813\"><input size=\"40\" maxlength=\"400\" class=\"wpcf7-form-control wpcf7-text wpcf7-validates-as-required\" aria-required=\"true\" aria-invalid=\"false\" placeholder=\"Votre nom &amp; pr\u00e9nom\" value=\"\" type=\"text\" name=\"text-813\" \/><\/span><br \/>\n<span class=\"wpcf7-form-control-wrap\" data-name=\"text-913\"><input size=\"40\" maxlength=\"400\" class=\"wpcf7-form-control wpcf7-text\" aria-invalid=\"false\" placeholder=\"Adresse n\u00b0 &amp; rue\" value=\"\" type=\"text\" name=\"text-913\" \/><\/span><br \/>\n<span class=\"wpcf7-form-control-wrap\" data-name=\"text-914\"><input size=\"40\" maxlength=\"400\" class=\"wpcf7-form-control wpcf7-text\" aria-invalid=\"false\" placeholder=\"CP &amp; Commune\" value=\"\" type=\"text\" name=\"text-914\" \/><\/span><br \/>\n<span class=\"wpcf7-form-control-wrap\" data-name=\"number-18\"><input class=\"wpcf7-form-control wpcf7-number wpcf7-validates-as-required wpcf7-validates-as-number\" aria-required=\"true\" aria-invalid=\"false\" placeholder=\"N\u00b0 Allocataire\" value=\"\" type=\"number\" name=\"number-18\" \/><\/span> <span class=\"wpcf7-form-control-wrap\" data-name=\"radio-482\"><span class=\"wpcf7-form-control wpcf7-radio\"><span class=\"wpcf7-list-item first\"><label><span class=\"wpcf7-list-item-label\">CAF<\/span><input type=\"radio\" name=\"radio-482\" value=\"CAF\" checked=\"checked\" \/><\/label><\/span><span class=\"wpcf7-list-item last\"><label><span class=\"wpcf7-list-item-label\">MSA<\/span><input type=\"radio\" name=\"radio-482\" value=\"MSA\" \/><\/label><\/span><\/span><\/span><br \/>\n<span class=\"wpcf7-form-control-wrap\" data-name=\"email-947\"><input size=\"40\" maxlength=\"400\" class=\"wpcf7-form-control wpcf7-email wpcf7-validates-as-required wpcf7-text wpcf7-validates-as-email\" aria-required=\"true\" aria-invalid=\"false\" placeholder=\"Votre adresse email\" value=\"\" type=\"email\" name=\"email-947\" \/><\/span><br \/>\n<span class=\"wpcf7-form-control-wrap\" data-name=\"tel-68\"><input size=\"40\" maxlength=\"400\" class=\"wpcf7-form-control wpcf7-tel wpcf7-validates-as-required wpcf7-text wpcf7-validates-as-tel\" aria-required=\"true\" aria-invalid=\"false\" placeholder=\"Votre t\u00e9l\u00e9phone\" value=\"\" type=\"tel\" name=\"tel-68\" \/><\/span><br \/>\nPARENTS 2<br \/>\n<span class=\"wpcf7-form-control-wrap\" data-name=\"text-81\"><input size=\"40\" maxlength=\"400\" class=\"wpcf7-form-control wpcf7-text\" aria-invalid=\"false\" placeholder=\"Votre nom &amp; pr\u00e9nom\" value=\"\" type=\"text\" name=\"text-81\" \/><\/span><br \/>\n<span class=\"wpcf7-form-control-wrap\" data-name=\"text-915\"><input size=\"40\" maxlength=\"400\" class=\"wpcf7-form-control wpcf7-text\" aria-invalid=\"false\" placeholder=\"Adresse n\u00b0 &amp; rue\" value=\"\" type=\"text\" name=\"text-915\" \/><\/span><br \/>\n<span class=\"wpcf7-form-control-wrap\" data-name=\"text-916\"><input size=\"40\" maxlength=\"400\" class=\"wpcf7-form-control wpcf7-text\" aria-invalid=\"false\" placeholder=\"CP &amp; Commune\" value=\"\" type=\"text\" name=\"text-916\" \/><\/span><br \/>\n<span class=\"wpcf7-form-control-wrap\" data-name=\"number-19\"><input class=\"wpcf7-form-control wpcf7-number wpcf7-validates-as-number\" aria-invalid=\"false\" placeholder=\"N\u00b0 allocataire\" value=\"\" type=\"number\" name=\"number-19\" \/><\/span> <span class=\"wpcf7-form-control-wrap\" data-name=\"radio-845\"><span class=\"wpcf7-form-control wpcf7-radio\"><span class=\"wpcf7-list-item first\"><label><span class=\"wpcf7-list-item-label\">CAF<\/span><input type=\"radio\" name=\"radio-845\" value=\"CAF\" checked=\"checked\" \/><\/label><\/span><span class=\"wpcf7-list-item last\"><label><span class=\"wpcf7-list-item-label\">MSA<\/span><input type=\"radio\" name=\"radio-845\" value=\"MSA\" \/><\/label><\/span><\/span><\/span><br \/>\n<span class=\"wpcf7-form-control-wrap\" data-name=\"email-948\"><input size=\"40\" maxlength=\"400\" class=\"wpcf7-form-control wpcf7-email wpcf7-text wpcf7-validates-as-email\" aria-invalid=\"false\" placeholder=\"Votre adresse email\" value=\"\" type=\"email\" name=\"email-948\" \/><\/span><br \/>\n<span class=\"wpcf7-form-control-wrap\" data-name=\"tel-69\"><input size=\"40\" maxlength=\"400\" class=\"wpcf7-form-control wpcf7-tel wpcf7-text wpcf7-validates-as-tel\" aria-invalid=\"false\" placeholder=\"Votre t\u00e9l\u00e9phone\" value=\"\" type=\"tel\" name=\"tel-69\" \/><\/span><br \/>\nMESSAGE<br \/>\n<span class=\"wpcf7-form-control-wrap\" data-name=\"textarea-51\"><textarea cols=\"40\" rows=\"10\" maxlength=\"2000\" class=\"wpcf7-form-control wpcf7-textarea\" aria-invalid=\"false\" placeholder=\"Merci de nous indiquer ici toute pr\u00e9cision que vous jugerez utile\" name=\"textarea-51\"><\/textarea><\/span><br \/>\n<span class=\"wpcf7-form-control-wrap\" data-name=\"acceptance-446\"><span class=\"wpcf7-form-control wpcf7-acceptance\"><span class=\"wpcf7-list-item\"><label><input type=\"checkbox\" name=\"acceptance-446\" value=\"1\" aria-invalid=\"false\" \/><span class=\"wpcf7-list-item-label\">J'accepte de transmettre ces informations personnelles \u00e0 la cr\u00e8che ADMR les Petits-Loups<\/span><\/label><\/span><\/span><\/span><br \/>\n<input class=\"wpcf7-form-control wpcf7-submit has-spinner\" type=\"submit\" value=\"Envoyer\" \/><br \/>\n-------------------------------------------------<br \/>\nNous collectons vos donn\u00e9es depuis ce formulaire pour vous permettre de nous contacter. Conform\u00e9ment \u00e0 la RGPD, vous pouvez en savoir plus sur la gestion de vos donn\u00e9es personnelles en vous reportant \u00e0 la page de notre politique de confidentialit\u00e9 accessible depuis la page principale du site.<\/label>\n<\/p><p style=\"display: none !important;\" class=\"akismet-fields-container\" data-prefix=\"_wpcf7_ak_\"><label>&#916;<textarea name=\"_wpcf7_ak_hp_textarea\" cols=\"45\" rows=\"8\" maxlength=\"100\"><\/textarea><\/label><input type=\"hidden\" id=\"ak_js_1\" name=\"_wpcf7_ak_js\" value=\"129\"\/><script>document.getElementById( \"ak_js_1\" ).setAttribute( \"value\", ( new Date() ).getTime() );<\/script><\/p><div class=\"wpcf7-response-output\" aria-hidden=\"true\"><\/div>\n<\/form>\n<\/div>\n\n<p>Sous r\u00e9serve que la demande soit compl\u00e8te,\u00a0 vous serez inscrit sur liste d&rsquo;attente et votre dossier sera \u00e9tudi\u00e9 lors des commissions d&rsquo;attribution des places (g<em>\u00e9n\u00e9ralement 2 par an en juin et novembre<\/em>) ou si une place se lib\u00e8re en cours d&rsquo;ann\u00e9e. Nous vous demandons de bien vouloir prendre soin des r\u00e9ponses que vous donnez lors de ce questionnaire car c&rsquo;est ce dernier qui sert pour la commission. La direction vous recontactera juste avant la commission. Merci d&rsquo;indiquer tout changement de votre situation \u00e0 la cr\u00e8che pour \u00e9viter de statuer sur votre dossier si vous n&rsquo;avez plus besoin de la place ou si vous changer les horaires&#8230;<\/p>\n<p>Merci de votre compr\u00e9hension<\/p>\n","protected":false},"excerpt":{"rendered":"<p>Pour s&rsquo;inscrire \u00e0 la cr\u00e8che \u00ab\u00a0les petits loups\u00a0\u00bb \u00e0 l&rsquo;ann\u00e9e une seule d\u00e9marche : remplir le questionnaire ci-dessous ! Sous r\u00e9serve que la demande soit compl\u00e8te,\u00a0 vous serez inscrit sur&#8230;<\/p>\n<p> <a class=\"continue-reading-link\" href=\"https:\/\/creches-vic-andrest.com\/index.php\/pl-pre-inscrire-votre-enfant\/\"><span>LIRE LA SUITE<\/span><i class=\"crycon-right-dir\"><\/i><\/a> <\/p>\n","protected":false},"author":1,"featured_media":0,"parent":0,"menu_order":0,"comment_status":"closed","ping_status":"closed","template":"","meta":{"footnotes":""},"class_list":["post-158","page","type-page","status-publish","hentry"],"jetpack_sharing_enabled":true,"_links":{"self":[{"href":"https:\/\/creches-vic-andrest.com\/index.php\/wp-json\/wp\/v2\/pages\/158","targetHints":{"allow":["GET"]}}],"collection":[{"href":"https:\/\/creches-vic-andrest.com\/index.php\/wp-json\/wp\/v2\/pages"}],"about":[{"href":"https:\/\/creches-vic-andrest.com\/index.php\/wp-json\/wp\/v2\/types\/page"}],"author":[{"embeddable":true,"href":"https:\/\/creches-vic-andrest.com\/index.php\/wp-json\/wp\/v2\/users\/1"}],"replies":[{"embeddable":true,"href":"https:\/\/creches-vic-andrest.com\/index.php\/wp-json\/wp\/v2\/comments?post=158"}],"version-history":[{"count":7,"href":"https:\/\/creches-vic-andrest.com\/index.php\/wp-json\/wp\/v2\/pages\/158\/revisions"}],"predecessor-version":[{"id":658,"href":"https:\/\/creches-vic-andrest.com\/index.php\/wp-json\/wp\/v2\/pages\/158\/revisions\/658"}],"wp:attachment":[{"href":"https:\/\/creches-vic-andrest.com\/index.php\/wp-json\/wp\/v2\/media?parent=158"}],"curies":[{"name":"wp","href":"https:\/\/api.w.org\/{rel}","templated":true}]}}