{"id":187,"date":"2020-10-20T18:14:13","date_gmt":"2020-10-20T16:14:13","guid":{"rendered":"http:\/\/creches-vic-andrest.com\/?page_id=187"},"modified":"2021-03-08T20:24:01","modified_gmt":"2021-03-08T19:24:01","slug":"admr-presentation","status":"publish","type":"page","link":"https:\/\/creches-vic-andrest.com\/index.php\/admr-presentation\/","title":{"rendered":"ADMR Pr\u00e9sentation"},"content":{"rendered":"<p><img loading=\"lazy\" decoding=\"async\" class=\"size-medium wp-image-589 aligncenter\" src=\"https:\/\/creches-vic-andrest.com\/wp-content\/uploads\/2020\/12\/Admr-transparent-300x124.png\" alt=\"\" width=\"300\" height=\"124\" srcset=\"https:\/\/creches-vic-andrest.com\/wp-content\/uploads\/2020\/12\/Admr-transparent-300x124.png 300w, https:\/\/creches-vic-andrest.com\/wp-content\/uploads\/2020\/12\/Admr-transparent-150x62.png 150w, https:\/\/creches-vic-andrest.com\/wp-content\/uploads\/2020\/12\/Admr-transparent.png 512w\" sizes=\"auto, (max-width: 300px) 100vw, 300px\" \/><\/p>\n<p class=\"rtecenter\" style=\"text-align: justify;\">Le r\u00e9seau ADMR des Hautes-Pyr\u00e9n\u00e9es a \u00e9t\u00e9 fond\u00e9 en 1968 avec la cr\u00e9ation de l&rsquo;association locale d&rsquo;Arreau et ses Vall\u00e9es par le Dr Didier PERPERE. Depuis, 28 autres structures ont vu le jour sur tout le d\u00e9partement:<\/p>\n<ul style=\"text-align: justify;\">\n<li class=\"rtecenter\">5 Services de Soins Infirmiers \u00e0 Domicile (SSIAD)<\/li>\n<li class=\"rtecenter\">24 Services d&rsquo;Aide \u00e0 Domicile (SAD)<\/li>\n<li class=\"rtecenter\">1 cr\u00e8che et 4 micro-cr\u00e8ches.<\/li>\n<li class=\"rtecenter\">396 b\u00e9n\u00e9voles enthousiastes et engag\u00e9s, anim\u00e9s par la soif d&rsquo;aider, de cr\u00e9er du lien social, d&rsquo;\u00eatre \u00e0 l&rsquo;\u00e9coute des attentes de la population,<\/li>\n<\/ul>\n<p>857 salari\u00e9s d&rsquo;intervention (soit 617 \u00e9quivalents temps plein) avec des comp\u00e9tences sp\u00e9cifiques: aides \u00e0 domicile, auxiliaires de vie sociale, techniciens de l&rsquo;intervention sociale et familiale, aides-soignants, infirmiers&#8230;), salari\u00e9s administratifs&#8230;,<br \/>\n5 993 foyers aid\u00e9s,<br \/>\n848 801 heures r\u00e9alis\u00e9es.<\/p>\n<p style=\"text-align: justify;\">L&rsquo;Association d&rsquo;Aide \u00e0 Domicile en Milieu Rural de Vic-en-Bigorre a \u00e9t\u00e9 fond\u00e9e en 1980 . En 2020, <a href=\"https:\/\/actulegales.fr\/recherche\/siren\/318424801\" target=\"_blank\" rel=\"noopener noreferrer\"><span style=\"text-decoration: underline;\">elle s&rsquo;est scind\u00e9e en deux associations<\/span><\/a> en raison de l&rsquo;augmentation de ses activit\u00e9s n\u00e9cessitant une r\u00e9organisation de ses services :<\/p>\n<p><strong><span style=\"color: #008000;\">\u21d2L&rsquo;Association ADMR Vic-Bigorre Nord <\/span><\/strong><span style=\"color: #008000;\"><span class=\"dvDNH\"><span style=\"color: #008000;\">(SIREN <\/span><\/span><\/span><span style=\"color: #008000;\"><span class=\"gyWzne\"><span style=\"color: #008000;\">318 424 801)<\/span><\/span><\/span><\/p>\n<p>ARTAGNAN, CAIXON, ESCAUNETS, NOULHAN, ST-LEZER-S\u00e9guette, SANOUS, VILLENAVE-pr\u00e8s-BEARN et VIC-en-BIGORRE (au nord du chemin de la Poutge)<\/p>\n<p>Cr\u00e8che et LAEP \u00ab\u00a0Les Petits-Loups\u00a0\u00bb \u00e0 VIC-BIGORRE<\/p>\n<p><strong><span style=\"color: #008000;\">\u21d2 L&rsquo;Association ADMR de Vic-Bigorre Sud <\/span><\/strong><span style=\"color: #008000;\">(SIREN <\/span><span style=\"color: #008000;\">890783996)<\/span><\/p>\n<p style=\"text-align: center;\"><strong>Territoire de comp\u00e9tence<\/strong><\/p>\n<p>\u2192ANDREST, AURENSAN,\u00a0 CAMALES,\u00a0 GAYAN, LAGARDE, MARSAC, OROIX, OURSBELILLE, PINTAC, PUJO, ST-LEZER-Village (hors S\u00e9guette), SARNIGUET, SIARROUY TALAZAC, TARASTEIX, VILLENAVE-pr\u00e8s-Marsac et VIC-en-BIGORRE (au sud du chemin de la Poutge).<\/p>\n<p>\u2192Micro-cr\u00e8che les Canalous \u00e0 ANDREST<\/p>\n<p style=\"text-align: justify;\"><span style=\"color: #008000;\">Les deux associations ont leur si\u00e8ge social et administratif au P\u00f4le des Services Public, 21 place du Corps-Franc Pommi\u00e8es 65500 VIC en BIGORRE\u00a0<\/span> &#8211; <span style=\"color: #008000;\">05 62 96 20 22. Me secr\u00e9tariat est ouvert du lundi au vendredi de 9 H \u00e0 12 H et de 14 H \u00e0 17 H (sauf le mercredi apr\u00e8s-midi)<\/span><\/p>\n<p class=\"rtecenter\" style=\"text-align: justify;\">Notre mission est de permettre aux personnes de bien vivre chez elles et de rester le plus longtemps possible \u00e0 leur domicile. Ainsi les associations locales interviennent chez toutes personnes ou familles ayant besoin d&rsquo;un accompagnement: pour un peu plus de confort, pour retrouver un \u00e9quilibre familial, ou pour \u00eatre aider ponctuellement.<\/p>\n<h5 style=\"text-align: center;\"><strong>BUREAU des ASSOCIATIONS ADMR de VIC-BIGORRE<\/strong><\/h5>\n<p><strong><span style=\"color: #008000;\">Pr\u00e9sidente : Dani\u00e8le POUEYMIDANET<\/span><\/strong><\/p>\n<p><strong><span style=\"color: #008000;\">Vice-pr\u00e9sidente :\u00a0 Andr\u00e9e DARNAUDET<\/span><\/strong><\/p>\n<p><strong><span style=\"color: #008000;\">Tr\u00e9sorier : Michel BUSCA<\/span><\/strong><\/p>\n<p style=\"padding-left: 40px;\"><strong><span style=\"color: #008000;\">tr\u00e9sori\u00e8re adjointe pour le SAD : Claudette GOMEZ<\/span><\/strong><\/p>\n<p style=\"padding-left: 40px;\"><strong><span style=\"color: #008000;\">tr\u00e9sorier adjoint pour la cr\u00e8che les Petits-Loups : Robert MEDIAMOLE<\/span><\/strong><\/p>\n<p><strong><span style=\"color: #008000;\">Secr\u00e9taire : Robert MEDIAMOLE\u00a0<\/span><\/strong><\/p>\n<p><strong><span style=\"color: #008000;\">Administrateur en charge de la commission du personnel : Francis DURAN<\/span><\/strong><\/p>\n<p><strong><span style=\"color: #008000;\">Administrateur en charge du portage des repas et de\u00a0 FILIEN : G\u00e9rard RODIER<\/span><\/strong><\/p>\n","protected":false},"excerpt":{"rendered":"<p>Le r\u00e9seau ADMR des Hautes-Pyr\u00e9n\u00e9es a \u00e9t\u00e9 fond\u00e9 en 1968 avec la cr\u00e9ation de l&rsquo;association locale d&rsquo;Arreau et ses Vall\u00e9es par le Dr Didier PERPERE. Depuis, 28 autres structures ont&#8230;<\/p>\n<p> <a class=\"continue-reading-link\" href=\"https:\/\/creches-vic-andrest.com\/index.php\/admr-presentation\/\"><span>LIRE LA SUITE<\/span><i class=\"crycon-right-dir\"><\/i><\/a> <\/p>\n","protected":false},"author":1,"featured_media":0,"parent":0,"menu_order":0,"comment_status":"closed","ping_status":"closed","template":"","meta":{"footnotes":""},"class_list":["post-187","page","type-page","status-publish","hentry"],"jetpack_sharing_enabled":true,"_links":{"self":[{"href":"https:\/\/creches-vic-andrest.com\/index.php\/wp-json\/wp\/v2\/pages\/187","targetHints":{"allow":["GET"]}}],"collection":[{"href":"https:\/\/creches-vic-andrest.com\/index.php\/wp-json\/wp\/v2\/pages"}],"about":[{"href":"https:\/\/creches-vic-andrest.com\/index.php\/wp-json\/wp\/v2\/types\/page"}],"author":[{"embeddable":true,"href":"https:\/\/creches-vic-andrest.com\/index.php\/wp-json\/wp\/v2\/users\/1"}],"replies":[{"embeddable":true,"href":"https:\/\/creches-vic-andrest.com\/index.php\/wp-json\/wp\/v2\/comments?post=187"}],"version-history":[{"count":10,"href":"https:\/\/creches-vic-andrest.com\/index.php\/wp-json\/wp\/v2\/pages\/187\/revisions"}],"predecessor-version":[{"id":958,"href":"https:\/\/creches-vic-andrest.com\/index.php\/wp-json\/wp\/v2\/pages\/187\/revisions\/958"}],"wp:attachment":[{"href":"https:\/\/creches-vic-andrest.com\/index.php\/wp-json\/wp\/v2\/media?parent=187"}],"curies":[{"name":"wp","href":"https:\/\/api.w.org\/{rel}","templated":true}]}}